e thousands digit of 107565248?
5
What is the hundred thousands digit of 440543015?
5
What is the tens digit of 101719305?
0
What is the hundreds digit of 259218720?
7
What is the millions digit of 44835342?
4
What is the tens digit of 722536464?
6
What is the hundred thousands digit of 2739946930?
9
What is the ten thousands digit of 32520582?
2
What is the thousands digit of 4709465106?
5
What is the thousands digit of 27627756?
7
What is the hundred thousands digit of 957852253?
8
What is the millions digit of 636206687?
6
What is the tens digit of 653396634?
3
What is the units digit of 297435988?
8
What is the ten thousands digit of 112578893?
7
What is the ten millions digit of 2776848577?
7
What is the units digit of 1091797760?
0
What is the millions digit of 1166702436?
6
What is the millions digit of 3843628751?
3
What is the ten thousands digit of 30591893?
9
What is the millions digit of 63763581?
3
What is the ten thousands digit of 409446409?
4
What is the hundred thousands digit of 45527441?
5
What is the ten millions digit of 65877965?
6
What is the thousands digit of 88333434?
3
What is the hundred millions digit of 504837273?
5
What is the ten millions digit of 12296880?
1
What is the hundred thousands digit of 2217147?
2
What is the tens digit of 57216714?
1
What is the ten thousands digit of 441379306?
7
What is the billions digit of 3411820251?
3
What is the thousands digit of 652612?
2
What is the tens digit of 175637113?
1
What is the tens digit of 1499425168?
6
What is the hundred thousands digit of 78087613?
0
What is the hundred thousands digit of 593076839?
0
What is the ten millions digit of 438914939?
3
What is the thousands digit of 1249744165?
4
What is the hundred thousands digit of 96018218?
0
What is the ten millions digit of 68058163?
6
What is the hundred millions digit of 2687463274?
6
What is the hundreds digit of 75706480?
4
What is the tens digit of 43369128?
2
What is the ten thousands digit of 1159593281?
9
What is the hundreds digit of 300192923?
9
What is the ten millions digit of 826031592?
2
What is the ten millions digit of 5216523420?
1
What is the ten millions digit of 211789445?
1
What is the hundreds digit of 606604461?
4
What is the hundreds digit of 60592775?
7
What is the ten millions digit of 128360664?
2
What is the hundreds digit of 7804087?
0
What is the hundreds digit of 160758010?
0
What is the hundred thousands digit of 221083251?
0
What is the thousands digit of 30244966?
4
What is the tens digit of 30177568?
6
What is the hundred thousands digit of 5600904?
6
What is the hundred thousands digit of 3461422685?
4
What is the hundred millions digit of 211639587?
2
What is the tens digit of 14500319?
1
What is the thousands digit of 544054552?
4
What is the ten thousands digit of 5042548448?
4
What is the tens digit of 142746241?
4
What is the units digit of 893869165?
5
What is the millions digit of 77709079?
7
What is the tens digit of 93052039?
3
What is the tens digit of 680254492?
9
What is the thousands digit of 48115755?
5
What is the thousands digit of 129546905?
6
What is the hundred millions digit of 2089998155?
0
What is the ten millions digit of 211746613?
1
What is the billions digit of 1727640328?
1
What is the hundreds digit of 91198571?
5
What is the hundred millions digit of 6923608452?
9
What is the ten millions digit of 386531427?
8
What is the hundred millions digit of 129532894?
1
What is the hundred thousands digit of 1303218642?
2
What is the ten millions digit of 99552768?
9
What is the ten millions digit of 38716517?
3
What is the thousands digit of 3043978977?
8
What is the tens digit of 93669806?
0
What is the hundreds digit of 1552990128?
1
What is the ten thousands digit of 64701988?
0
What is the hundred thousands digit of 18270067?
2
What is the units digit of 1141991322?
2
What is the millions digit of 58187895?
8
What is the millions digit of 5993181985?
3
What is the millions digit of 1445548950?
5
What is the ten thousands digit of 127729246?
2
What is the thousands digit of 55986583?
6
What is the tens digit of 1345126584?
8
What is the ten thousands digit of 257333016?
3
What is the tens digit of 553765236?
3
What is the tens digit of 63309315?
1
What is the thousands digit of 131195858?
5
What is the hundred millions digit of 205587312?
2
What is the millions digit of 3650655?
3
What is the hundreds digit of 666568?
5
What is the units digit of 5969910?
0
What is the millions digit of 802439267?
2
What is the ten thousands digit of 50093234?
9
What is the units digit of 86417306?
6
What is the tens digit of 80256806?
0
What is the hundreds digit of 17888276?
2
What is the ten millions digit of 402170105?
0
What is the hundreds digit of 3752510619?
6
What is the hundred thousands digit of 49472265?
4
What is the hundreds digit of 78784165?
1
What is the hundred thousands digit of 17227296?
2
What is the units digit of 465070004?
4
What is the tens digit of 48230272?
7
What is the thousands digit of 1199250253?
0
What is the millions digit of 443316935?
3
What is the ten millions digit of 747761689?
4
What is the hundreds digit of 1081289825?
8
What is the millions digit of 225226805?
5
What is the millions digit of 1816170843?
6
What is the hundred millions digit of 855833692?
8
What is the millions digit of 455315795?
5
What is the millions digit of 43431821?
3
What is the billions digit of 1377672094?
1
What is the ten millions digit of 139884208?
3
What is the tens digit of 689939?
3
What is the thousands digit of 734522948?
2
What is the tens digit of 25361085?
8
What is the tens digit of 429959169?
6
What is the hundred thousands digit of 119520217?
5
What is the ten thousands digit of 22524323?
2
What is the tens digit of 626465866?
6
What is the ten millions digit of 205481489?
0
What is the hundred millions digit of 1901658074?
9
What is the hundreds digit of 32574259?
2
What is the tens digit of 987702482?
8
What is the hundreds digit of 120240800?
8
What is the tens digit of 38098390?
9
What is the millions digit of 91619118?
1
What is the hundred millions digit of 782836884?
7
What is the ten millions digit of 1650849786?
5
What is the hundred millions digit of 245822205?
2
What is the hundreds digit of 23189010?
0
What is the ten millions digit of 1988097229?
8
What is the hundred thousands digit of 47482174?
4
What is the hundred thousands digit of 187570034?
5
What is the ten millions digit of 129383957?
2
What is the units digit of 226962087?
7
What is the units digit of 9780867?
7
What is the thousands digit of 332784755?
4
What is the units digit of 576647876?
6
What is the millions digit of 4412165?
4
What is the units digit of 2565884592?
2
What is the ten thousands digit of 418420572?
2
What is the millions digit of 69634087?
9
What is the millions digit of 582268912?
2
What is the hundred thousands digit of 25116702?
1
What is the billions digit of 1442713649?
1
What is the ten millions digit of 71469092?
7
What is the ten thousands digit of 5467437569?
3
What is the hundred thousands digit of 26149528?
1
What is the tens digit of 1944037664?
6
What is the thousands digit of 87393079?
3
What is the ten millions digit of 58938456?
5
What is the ten millions digit of 121576966?
2
What is the ten millions digit of 8203506879?
0
What is the units digit of 66769951?
1
What is the hundred thousands digit of 125929317?
9
What is the hundreds digit of 60674856?
8
What is the ten millions digit of 44227899?
4
What is the millions digit of 1157205777?
7
What is the ten millions digit of 55192899?
5
What is the ten thousands digit of 83386239?
8
What is the millions digit of 55359315?
5
What is the hundred millions digit of 356773388?
3
What is the millions digit of 1208407839?
8
What is the hundreds digit of 3144107195?
1
What is the hundred millions digit of 3658421792?
6
What is the ten millions digit of 2370945107?
7
What is the thousands digit of 88096240?
6
What is the millions digit of 63907721?
3
What is the hundred millions digit of 609837600?
6
What is the ten millions digit of 981358470?
8
What is the hundreds digit of 65570694?
6
What is the hundreds digit of 278475558?
5
What is the ten thousands digit of 49599942?
9
What